 - 117. Calculate w(-17).
87
Let k(i) = -71*i - 778. Give k(-13).
145
Let k(u) = -u**3 - 22*u**2 - 42*u + 64. Calculate k(-20).
104
Let w(x) = -x**3 - 3*x**2 + 41*x + 5. What is w(-8)?
-3
Let x(s) = -2*s**2 - 1037*s + 3129. Determine x(3).
0
Let q(b) = -b**3 - 12*b**2 - 28*b + 23. Give q(-9).
32
Let x(j) = -34*j**3 + 11*j**2 - 23*j + 4. What is x(2)?
-270
Let p(l) = 22*l**3 - 125*l**2 - 17*l - 2. Give p(6).
148
Let v(j) = 2*j - 55. What is v(-6)?
-67
Let d(r) = 107*r - 5239. Calculate d(49).
4
Let z(u) = 4*u**2 + 650*u + 2219. Calculate z(-159).
-7
Let g(o) = o**2 - 2*o - 169. Calculate g(-14).
55
Let v(z) = -z**3 + 13*z**2 + 8*z - 22. What is v(15)?
-352
Let a(p) = 4*p**2 - 17*p + 130. What is a(6)?
172
Let a(m) = m**3 + 8*m**2 + 19*m + 29. What is a(-5)?
9
Let j(h) = -2*h**2 - 92*h - 1048. Calculate j(-23).
10
Let h(u) = -47*u - 17. Determine h(1).
-64
Let d(z) = -2*z**2 - 101*z - 325. Calculate d(-48).
-85
Let h(l) = 86*l + 354. Give h(-4).
10
Let a(q) = q**3 + 15*q - 16. Determine a(1).
0
Let g(x) = 5*x**3 + 47*x**2 + 33*x - 36. Determine g(-9).
-171
Let w(v) = -13*v**3 - 3*v**2 + 43*v + 91. Determine w(-2).
97
Let z(y) = -7*y + 298. What is z(28)?
102
Let k(f) = f**2 + 1760*f - 10590. Determine k(6).
6
Let y(u) = -u**3 - 14*u**2 - 23*u + 6. Give y(-2).
4
Let y(p) = -4*p**2 + 11*p + 7. Give y(6).
-71
Let r(q) = -q**3 - 18*q**2 + 2*q + 28. What is r(-18)?
-8
Let l(d) = -197*d - 311. Calculate l(-2).
83
Let b(x) = -72*x - 787. Calculate b(-12).
77
Let j(a) = 231*a - 1597. What is j(7)?
20
Let z(s) = s**3 - 3*s**2 - s - 30. Calculate z(4).
-18
Let a(n) = -2*n**3 - n**2 - 4. What is a(-3)?
41
Let s(l) = 27*l**2 - 660*l + 233. What is s(24)?
-55
Let k(p) = 13*p**2 - 473*p - 151. Calculate k(37).
145
Let m(l) = -l**2 + 39*l - 209. Calculate m(30).
61
Let h(p) = -p**3 - 53*p**2 + 64*p + 500. Determine h(-54).
-40
Let x(m) = 2952*m + 14753. Calculate x(-5).
-7
Let c(f) = f**3 - 11*f**2 + 19*f - 229. Calculate c(11).
-20
Let m(w) = -w**3 + 20*w**2 - 52*w + 636. Calculate m(19).
9
Let i(g) = -g**3 + 5*g**2 - 43*g + 231. Give i(5).
16
Let y(o) = o**3 - 22*o**2 + 28*o + 272. Determine y(20).
32
Let b(s) = -s**3 - 25*s**2 + 24*s - 24. What is b(-26)?
28
Let p(b) = -3*b**2 + 16*b + 9. Determine p(3).
30
Let c(j) = -12*j**2 + 537*j - 2161. Calculate c(4).
-205
Let t(k) = 16*k - 38. Give t(6).
58
Let w(s) = -30*s - 73. What is w(-18)?
467
Let m(i) = 178*i - 145. What is m(-1)?
-323
Let s(t) = 849*t + 853. What is s(-1)?
4
Let t(p) = 25*p + 2332. Calculate t(-93).
7
Let j(l) = -l**3 + 31*l**2 + 68*l - 339. What is j(32)?
813
Let k(s) = -2*s**3 + 26*s**2 - 33*s + 101. Calculate k(12).
-7
Let y(c) = c**2 - 95*c - 289. Give y(97).
-95
Let z(h) = -18*h - 215. Give z(-12).
1
Let s(f) = 72*f**3 - 6*f**2 + 12*f - 9. Give s(1).
69
Let d(z) = 24*z - 960. Calculate d(40).
0
Let f(l) = 6*l + 104. Calculate f(-9).
50
Let b(o) = -4410*o - 26454. Give b(-6).
6
Let i(l) = l**3 + 19*l**2 + 9*l + 13. Determine i(-19).
-158
Let i(p) = p**2 - 42*p - 239. Determine i(54).
409
Let z(x) = -x**3 + 9*x**2 - 3*x + 18. Give z(7).
95
Let l(i) = -4*i**2 + 145*i - 33. Give l(36).
3
Let c(p) = -p**2 - 75*p + 1174. Determine c(15).
-176
Let s(t) = 61*t - 432. What is s(7)?
-5
Let g(v) = -88*v - 1211. Calculate g(-14).
21
Let u(k) = -7*k + 171. Give u(7).
122
Let c(y) = -y**3 - 24*y**2 - 45*y - 40. Calculate c(-22).
-18
Let n(q) = -16*q**2 + 179*q + 27. Determine n(11).
60
Let a(n) = n**3 - n**2 + 43*n + 115. Calculate a(-3).
-50
Let o(a) = -354*a + 3534. Calculate o(10).
-6
Let g(n) = n - 87. Calculate g(38).
-49
Let t(d) = d**2 + 64*d + 1158. Determine t(-37).
159
Let n(u) = -u - 37. Determine n(6).
-43
Let z(y) = 7*y + 25. What is z(13)?
116
Let b(n) = -1598*n - 6385. Give b(-4).
7
Let o(s) = 2*s**2 - 74*s + 518. Calculate o(8).
54
Let a(c) = -c**3 - 12*c**2 + 6*c + 29. Calculate a(-10).
-231
Let j(d) = d**3 + 3*d**2 - 5*d - 40. Give j(0).
-40
Let m(a) = 44*a - 616. Give m(14).
0
Let j(c) = -12*c**2 - 95*c + 130. Give j(-8).
122
Let d(k) = 3*k**3 + 206*k**2 - 1835*k - 46. Give d(8).
-6
Let d(i) = 7*i**2 + 77*i + 23. Calculate d(-11).
23
Let q(o) = -o**3 - 71*o**2 - 247*o - 2919. Give q(-68).
5
Let g(d) = -3*d**2 - 4*d + 48. Give g(-5).
-7
Let f(b) = -4*b**2 - 27*b + 136. Give f(4).
-36
Let h(a) = 1300*a - 2597. Calculate h(2).
3
Let h(u) = 4*u**3 - 453*u**2 - 346*u + 473. Give h(114).
17
Let a(r) = -r**3 - 20*r**2 + 712*r + 1063. What is a(-38)?
-1
Let p(f) = f**3 + 15*f**2 + 2*f + 69. Calculate p(-15).
39
Let t(y) = -3*y - 449. Give t(-56).
-281
Let f(p) = -p**3 + 26*p**2 - 119*p - 15. Calculate f(6).
-9
Let v(k) = 4038*k + 16139. Determine v(-4).
-13
Let u(p) = -17*p - 390. Give u(-10).
-220
Let c(h) = -h**2 - 18*h + 92. Determine c(14).
-356
Let v(f) = f**3 + 123*f**2 - 908*f + 234. Give v(-130).
-26
Let i(m) = -m**2 - 26*m - 44. Give i(-24).
4
Let z(a) = -3*a**3 + 7*a**2 + 10*a - 5. What is z(-3)?
109
Let z(l) = -l**3 - 16*l**2 - 45*l + 50. Give z(-12).
14
Let q(n) = -n**2 + 3706*n + 14839. Determine q(-4).
-1
Let o(k) = -18*k**2 + 139*k + 201. Give o(9).
-6
Let r(k) = 2*k**3 - 153*k**2 + 311*k + 4374. Determine r(74).
8
Let s(j) = -242*j + 1202. What is s(5)?
-8
Let u(a) = -2*a**2 + 95*a - 945. Give u(33).
12
Let j(u) = u**3 + 7*u**2 - 100*u + 23. What is j(7)?
9
Let j(d) = 17*d + 359. Calculate j(-25).
-66
Let s(k) = 1786*k + 75005. Give s(-42).
-7
Let z(o) = 547*o - 3287. Determine z(6).
-5
Let g(j) = j**3 - 10*j**2 + 73*j - 106. Calculate g(2).
8
Let i(d) = 6*d - 83. Determine i(-31).
-269
Let a(l) = l**3 - 22*l**2 - 41*l + 43. Calculate a(24).
211
Let n(x) = x**2 + 91*x - 887. Calculate n(9).
13
Let u(i) = -2*i**3 - 2*i**2 + 30*i + 58. Give u(-2).
6
Let o(k) = -k**2 + 14*k - 67. What is o(8)?
-19
Let p(h) = 203*h - 55623. Calculate p(274).
-1
Let j(f) = 26*f - 36. Determine j(1).
-10
Let u(d) = 31*d**2 - 29*d - 56. What is u(2)?
10
Let g(t) = 17*t**2 - 52*t + 10. Calculate g(0).
10
Let l(q) = 300*q + 8992. What is l(-30)?
-8
Let s(g) = g**3 - 22*g**2 - 33*g + 68. Determine s(24).
428
Let x(s) = s**3 + 2*s**2 - 2*s + 2. Calculate x(4).
90
Let n(o) = -3*o**3 + 70*o**2 + 959*o - 71. Give n(33).
-5
Let h(u) = 6*u**2 + 202*u - 38. Give h(-34).
30
Let l(h) = -h**3 + 9*h**2 - 14*h - 16. What is l(6)?
8
Let a(n) = n**2 - 3*n - 129. Determine a(-9).
-21
Let k(u) = u**3 + 98*u**2 + 149*u + 4970. Calculate k(-97).
-74
Let b(i) = -2*i - 276. Give b(9).
-294
Let s(z) = 6*z**3 + 19*z**2 - 5*z + 6. Give s(-4).
-54
Let v(g) = -g**3 + 51*g**2 - 59*g + 513. Determine v(50).
63
Let c(p) = -p**2 + 21*p - 97. Calculate c(15).
-7
Let v(s) = s**3 - 15*s**2 - 62*s + 742. Give v(16).
6
Let g(q) = -101*q - 1257. What is g(-12)?
-45
Let d(p) = -2*p**2 - 12*p + 6718. What is d(-61)?
8
Let n(y) = -235*y + 2123. Determine n(9).
8
Let k(l) = l**2 - 5249*l + 78511. Determine k(15).
1
Let m(j) = -34*j**2 - 1223*j + 42. What is m(-36)?
6
Let o(v) = -2*v**3 - 4*v**2 + 31*v - 1. Calculate o(-5).
-6
Let p(t) = -t**2 + 170*t + 1803. Give p(-10).
3
Let v(n) = -n**3 + 9*n**2 + 215*n - 481. Determine v(19).
-6
Let v(m) = 23*m + 1318. What is v(-58)?
-16
Let q(y) = -y**2 + 33*y + 551. What is q(45)?
11
Let t(h) = -2*h**2 - 152*h + 52. What is t(-80)?
-588
Let p(t) = -1307*t + 5227. Determine p(4).
-1
Let z(x) = 2412*x + 36189. Calculate z(-15).
9
Let z(a) = a**3 - 55*a**2 - 56*a - 12. Give z(56).
-12
Let j(u) = -u**3 + 7*u**2 + u + 180. Determine j(9).
27
Let n(i) = i**2 + 53*i + 357. Give n(-50).
207
Let v(r) = 29*r - 556. What is v(23)?
111
Let x(a) = 8*a**3 + 7*a**2 + 35*a - 4. Calculate x(-4).
-544
Let o(l) = -8*l - 63. Give o(-8).
1
Let x(s) = -5*s**3 + 342*s**2 - 136*s - 18. What is x(68)?
-18
Let c(q) = q**3 - 46*q**2 + 245*q - 5. Calculate c(6).
25
Let o(j) = -415*j - 4293. What is o(-10)?
-143
Let n(c) = 2*c**3 - 9*c**2 - 75*c + 303. Determine n(4).
-13
Let x(l) = 3*l**2 + 79*l + 6. Calculate x(-26).
-20
Let w(a) = 5*a + 89. What is w(-17)?
4
Let d(m) = -2*m**3 - 120*m**2 - m - 22. Determine d(-60).
38
Let j(d) = -149*d + 19517. Give j(131).
-2
Let x(q) = 35*q**2 - q + 22. Give x(0).
22
Let g(j) = -j**3 - 10*j**2 + 5*j - 29. Determine g(-10).
-79
Let j(n) = -46*n - 300. Calculate j(-7).
22
Let x(m) = -2*m**2 + 32*m + 295. Give x(22).
31
Let q(s) = 90*s - 4942. What is q(52)?
-262
Let x(d) = -64*d + 2789